7 = -51. Calculate the highest common factor of 99 and p.
33
Let o be ((-2)/(-5))/(4/120). Calculate the highest common divisor of 96 and o.
12
Let b = 261 + -181. Suppose 3*q = 2*c - 12 - 56, 116 = 3*c - q. Suppose 7 = l - o, -o = -5*l + c + 7. Calculate the highest common factor of b and l.
10
Let j(w) = w + 9. Let g be j(-5). Suppose -g*f = -27 - 13. Calculate the greatest common divisor of 10 and f.
10
Let y(j) = -j**2 - 3*j + 6. Let b be y(0). What is the highest common divisor of b and 2?
2
Let a = -41 - -45. What is the highest common divisor of 20 and a?
4
Let a(d) = 2*d - 5. Let j be a(-8). Let n be (-980)/j + 2/(-3). What is the highest common divisor of 115 and n?
23
Suppose 0 = 3*v - 2*v - 8. Let y be (12/9)/(5/(-270)*-3). What is the highest common divisor of v and y?
8
Suppose 5*x = -x + 1080. Calculate the highest common factor of x and 20.
20
Let w be (11 - -5)*(-38)/(-4). Calculate the greatest common divisor of w and 19.
19
Let h be (-22)/(-6) - (-4)/12. Suppose -h*y - 42 = -2*k, -y = 2*k - 3*y - 48. Calculate the greatest common divisor of k and 243.
27
Let p(b) = -9*b - 19. Let l be p(-6). What is the highest common divisor of l and 15?
5
Let n be 3/((-2)/92 + 0). Let t = n + 75. Let w be t*2/(1 + -3). What is the highest common divisor of w and 9?
9
Let y(r) = r**2 - 5*r - 10. Let j be y(8). What is the highest common factor of 14 and j?
14
Let w = -9 - -15. Suppose 0 = -2*t - 2 + w. Suppose 5*j - 30 = t*j. What is the highest common divisor of j and 70?
10
Let t(d) = 3*d**2 + 6*d + 4. Let u be t(7). Suppose 2*w = 6*w - 3*s - u, 3*w - 143 = 4*s. Calculate the greatest common divisor of w and 7.
7
Let z(r) = -r**3 - 2*r**2 - 2*r - 3. Let s = 7 - 9. Let i be z(s). Let t = -3 + 11. Calculate the highest common divisor of i and t.
1
Let s(q) = 18*q**3 + 2*q**2 - q + 2. Let j be s(2). Calculate the highest common divisor of 19 and j.
19
Let x = 58 - 18. What is the highest common divisor of x and 8?
8
Let d be 387/36 + (-1)/(-4). What is the greatest common factor of 1 and d?
1
Let g be ((-24)/(-20))/(2/65). Let x = g - 27. Calculate the greatest common divisor of x and 60.
12
Let s(f) = f - 1. Let r be s(-1). Let c(y) = -y - 14*y - 3*y. Let j be c(r). Calculate the greatest common factor of j and 12.
12
Suppose 4 = 2*h + 2*h. Suppose -q - 2*o + h + 0 = 0, -3*o - 15 = 0. Calculate the highest common factor of q and 121.
11
Let m = -66 - -109. What is the greatest common factor of 172 and m?
43
Let i be 1 - (-2 - -1) - 0. Suppose a + 48 = i*a. Calculate the greatest common divisor of a and 12.
12
Let i(l) = l**3 - 14*l**2 + l + 5. Let k be i(14). Suppose 2*g - k = g. Calculate the greatest common factor of g and 133.
19
Let j be (1 - -4) + -2 + 2. What is the highest common factor of j and 1?
1
Let c(n) = n**3 + n**2 - 4*n + 6. Suppose -2*w - 2*t + 20 = -6*t, -w + 4*t = -16. Let p be c(w). Calculate the highest common divisor of p and 28.
14
Suppose 0 = 5*i - 2*y + 5, 0*i + 4*y + 2 = -2*i. Let w = i + -7. Let s be (w/3)/(2/(-3)). Calculate the greatest common factor of s and 10.
2
Let k be (-486)/(-15) + (-3)/(-5). Suppose 3*f + k = 2*m, -2*m - 89 = -7*m + f. What is the greatest common divisor of m and 126?
18
Suppose 0 = -3*p - 10 - 14. Let z be 34*2/(p/(-22)). What is the greatest common factor of 17 and z?
17
Let l(f) = 5*f**2 + 7*f - 6. Let d be l(5). Let y(h) = 2*h**3 - h. Let g be y(2). What is the greatest common divisor of g and d?
14
Let v be -6*((-3)/9 + (-1 - 2)). Calculate the greatest common factor of v and 60.
20
Suppose 3*x + 4 = 13. Suppose x*g + 5*j - 13 = 0, 4*g + 2*j + 6 = -0*j. Let d(b) = b**2 + 4*b + 6. Let a be d(g). What is the highest common factor of a and 48?
6
Let a(l) = l - 1. Let p = 0 + 5. Let x be a(p). What is the highest common divisor of x and 1?
1
Let q be -423*(-2)/42 - (-2)/(-14). Calculate the highest common divisor of 80 and q.
20
Let q = -9 + 33. Let p be (q/9)/(2/27). Let z = -19 + 28. What is the greatest common factor of z and p?
9
Suppose -p - p - 3*h + 41 = 0, -4*p + h + 61 = 0. Let f be ((-126)/4)/((-6)/p). Calculate the greatest common factor of 12 and f.
12
Let c be (-2)/(-2) - (-6)/6. Suppose -41 = -c*m + 61. Calculate the greatest common factor of m and 34.
17
Let k = -73 + 77. Suppose n - 1 - 2 = 0. Suppose 9 = 2*o + 5*w - 13, -n*o + 11 = 2*w. Calculate the greatest common divisor of o and k.
1
Let q be (100/(-30))/((-4)/6). Suppose 15 = 5*v + q. Calculate the greatest common factor of 22 and v.
2
Suppose 0 = v + 4*l + 12 + 2, -4*l - 20 = 0. Let r = 22 + v. Calculate the greatest common divisor of r and 140.
28
Suppose -f + 56 = -4. Calculate the highest common divisor of f and 24.
12
Let s = 4 - 2. Calculate the highest common divisor of 2 and s.
2
Let j = -71 - -104. Let h = 6 + -12. Let d be ((-9)/h)/(1/2). Calculate the greatest common divisor of d and j.
3
Let t be 1 + 2 - (-4 + 0). Let w = t - 3. Calculate the greatest common factor of 4 and w.
4
Let k be (-5)/(4/(-72)*2). Let o(f) = -17*f**3 - 2*f - 1. Let j be o(-1). Calculate the greatest common divisor of k and j.
9
Let i be (-6)/(-36) + (-575)/(-6). What is the greatest common factor of i and 12?
12
Let a = 138 - 81. What is the greatest common divisor of a and 19?
19
Suppose 0 = -4*h - n + 77, 2*h - 72 + 26 = 2*n. Let l = 40 - -85. Let u be ((-8)/20)/((-1)/l). What is the highest common factor of u and h?
10
Let x = -2 - -1. Let z(h) = h**2 + h. Let u(p) = 3*p**2 - 5*p + 1. Let j(f) = x*u(f) + 2*z(f). Let m be j(6). What is the greatest common divisor of 45 and m?
5
Let t(u) = -u**3 - 17*u**2 - u + 17. Let y be t(-17). Let s(r) = 10*r - 9. Let p be s(6). Calculate the greatest common divisor of y and p.
17
Let q be (-3)/(9/(-3))*8. Calculate the highest common factor of q and 24.
8
Let n = 28 + -20. Calculate the greatest common factor of 8 and n.
8
Suppose 0*r - 24 = -3*r. What is the greatest common divisor of 2 and r?
2
Let b = -3 + 2. Let k be (b - 3/(-2))*10. What is the highest common factor of 20 and k?
5
Let h be (-273)/(-3) - (-6)/(-2). Calculate the greatest common factor of 11 and h.
11
Suppose -6 - 6 = -2*h. Let z be h/8 - (-249)/4. What is the highest common divisor of z and 9?
9
Let g(u) = 19*u + 1. Let z be g(1). Let b be 2*(-2 - -1) - -7. What is the highest common divisor of z and b?
5
Suppose 5*z - 73 = 17. Let x = 27 + z. What is the highest common divisor of 18 and x?
9
Suppose 0*a = -a - 4. Let m = 16 + a. What is the greatest common factor of 48 and m?
12
Suppose -2*z + 8*z - 108 = 0. What is the highest common divisor of z and 27?
9
Suppose 4 = -h + 3*h. Let p(y) = 5*y**2 + y + 2. Let v be p(h). What is the highest common divisor of v and 8?
8
Suppose -3*q - 27 = -6*q. Let a = -416 + 417. Calculate the greatest common divisor of a and q.
1
Let u(g) = g**2 + 2*g + 4. Let o be u(0). Let j(q) = -q + 5. Let s be j(o). Calculate the greatest common factor of 3 and s.
1
Suppose -3*d = -3*z + 114, z + 2*d + 38 = 2*z. Calculate the greatest common factor of z and 95.
19
Let n(h) = 47*h - 3. Let a be n(2). Suppose 0 = -4*x + 7 - 3. Let q be 1/(3/(39*x)). Calculate the highest common factor of a and q.
13
Let f be (-3 + 5)*(-17)/(-2). What is the highest common divisor of f and 34?
17
Let o be (-2 - 10/(-4))*0. Let u = 2 - o. What is the greatest common factor of u and 14?
2
Suppose 0*s - 181 = -2*s - 5*j, -3*j + 249 = 3*s. Suppose 2*h = -h + s. What is the greatest common factor of 26 and h?
26
Suppose 5*w = w + 20. What is the highest common divisor of 10 and w?
5
Let o = 142 + -34. Calculate the highest common divisor of o and 12.
12
Let t be (0 + 3)/(3/16). Let u be t/10*(-5)/(-2). Suppose 3*y - u*f = 74, 3*f - f = 5*y - 128. Calculate the greatest common divisor of y and 13.
13
Let z be 122/8 - (-2)/(-8). Calculate the greatest common divisor of z and 10.
5
Let p = 134 - -46. What is the greatest common divisor of p and 18?
18
Let t(q) = -3*q - 6. Let p(m) = -m**3 - 15*m**2 + 16*m - 5. Let o be p(-16). Let x be t(o). Calculate the highest common divisor of x and 72.
9
Suppose 2*w = 5*w - 42. Let j = 163 - 93. What is the greatest common divisor of w and j?
14
Let a = 13 - 6. Let x(s) = s**3 - 6*s**2 - 5*s + 8. Let o be x(a). What is the greatest common factor of 11 and o?
11
Let j be -2 - 1/(-